 to base 11
27
What is -110 (base 4) in base 13?
-17
Convert -117 (base 15) to base 13.
-160
6a (base 11) to base 13
5b
Convert -58 (base 9) to base 4.
-311
a (base 13) to base 16
a
Convert -16 (base 9) to base 15.
-10
10 (base 2) to base 7
2
Convert 111101 (base 2) to base 4.
331
Convert 42 (base 7) to base 11.
28
0 (base 6) to base 7
0
What is 0 (base 13) in base 16?
0
-1 (base 12) to base 6
-1
-22 (base 10) to base 12
-1a
-6 (base 10) to base 12
-6
Convert 205 (base 6) to base 4.
1031
-3 (base 15) to base 4
-3
What is 14 (base 9) in base 13?
10
Convert -10 (base 2) to base 9.
-2
What is 8 (base 9) in base 15?
8
34 (base 11) to base 5
122
-9 (base 12) to base 6
-13
1 (base 7) to base 8
1
What is 101 (base 2) in base 9?
5
Convert -95 (base 12) to base 2.
-1110001
Convert -322 (base 7) to base 5.
-1123
1 (base 2) to base 11
1
Convert -5 (base 16) to base 3.
-12
-1111 (base 2) to base 9
-16
-1020 (base 3) to base 16
-21
Convert 221 (base 12) to base 16.
139
What is 2 (base 11) in base 15?
2
What is -11 (base 2) in base 6?
-3
What is 2 (base 7) in base 15?
2
Convert -102000 (base 3) to base 10.
-297
What is 2b (base 15) in base 13?
32
What is 2 (base 9) in base 16?
2
-111 (base 4) to base 11
-1a
What is 101000 (base 2) in base 4?
220
110 (base 2) to base 4
12
-7 (base 15) to base 3
-21
-1 (base 7) to base 12
-1
What is 14a (base 13) in base 6?
1023
What is 13 (base 9) in base 7?
15
Convert -d (base 15) to base 5.
-23
101 (base 2) to base 7
5
Convert 4 (base 14) to base 9.
4
What is 1104 (base 6) in base 16?
100
Convert -1 (base 9) to base 5.
-1
What is -1110 (base 2) in base 3?
-112
What is -60 (base 11) in base 7?
-123
Convert 2 (base 3) to base 7.
2
What is 1 (base 9) in base 7?
1
Convert 146 (base 8) to base 6.
250
What is 4a (base 14) in base 6?
150
What is -32 (base 4) in base 15?
-e
Convert -25 (base 9) to base 5.
-43
Convert 3 (base 8) to base 16.
3
Convert -4 (base 13) to base 15.
-4
What is -17 (base 8) in base 10?
-15
What is -1 (base 12) in base 7?
-1
Convert 11 (base 5) to base 9.
6
23 (base 4) to base 14
b
What is 1 (base 10) in base 9?
1
10 (base 6) to base 10
6
Convert 24 (base 5) to base 13.
11
What is -3 (base 6) in base 5?
-3
What is -1101111 (base 2) in base 4?
-1233
What is 42 (base 5) in base 2?
10110
What is 81 (base 9) in base 16?
49
267 (base 8) to base 3
20210
-b (base 14) to base 4
-23
What is 0 (base 6) in base 4?
0
Convert -100 (base 3) to base 14.
-9
-8 (base 15) to base 14
-8
-2 (base 4) to base 3
-2
Convert -dc (base 14) to base 7.
-365
4 (base 10) to base 11
4
Convert 6 (base 10) to base 15.
6
What is 31 (base 5) in base 4?
100
13 (base 12) to base 8
17
-145 (base 11) to base 15
-b5
What is -3 (base 15) in base 9?
-3
Convert -3 (base 9) to base 7.
-3
Convert 2 (base 8) to base 11.
2
Convert 0 (base 15) to base 4.
0
-18 (base 12) to base 15
-15
Convert -2 (base 5) to base 9.
-2
Convert -21 (base 4) to base 9.
-10
-3 (base 15) to base 2
-11
-31 (base 5) to base 14
-12
Convert -31 (base 9) to base 13.
-22
Convert -3 (base 11) to base 5.
-3
Convert -2 (base 8) to base 3.
-2
-110 (base 3) to base 13
-c
1 (base 9) to base 2
1
43 (base 7) to base 10
31
10 (base 9) to base 16
9
What is 12 (base 4) in base 6?
10
Convert -7 (base 10) to base 12.
-7
Convert -2 (base 15) to base 11.
-2
Convert -20 (base 4) to base 15.
-8
What is -10 (base 3) in base 16?
-3
Convert -130 (base 4) to base 9.
-31
Convert -6 (base 7) to base 6.
-10
What is -132 (base 8) in base 3?
-10100
What is -1000 (base 2) in base 10?
-8
Convert -4 (base 6) to base 12.
-4
What is -23 (base 8) in base 12?
-17
Convert -10 (base 14) to base 5.
-24
Convert -59 (base 11) to base 15.
-44
Convert 3 (base 12) to base 16.
3
What is -2012 (base 3) in base 5?
-214
Convert 12 (base 5) to base 11.
7
-10 (base 7) to base 2
-111
-6 (base 11) to base 6
-10
What is 2 (base 7) in base 3?
2
Convert -13 (base 4) to base 5.
-12
Convert 222 (base 3) to base 9.
28
What is -21 (base 6) in base 10?
-13
42 (base 8) to base 15
24
Convert 2 (base 5) to base 14.
2
Convert -3 (base 9) to base 3.
-10
Convert -254 (base 6) to base 12.
-8a
Convert 10 (base 10) to base 15.
a
Convert 194 (base 11) to base 6.
1012
Convert -202 (base 6) to base 16.
-4a
15 (base 6) to base 9
12
-11 (base 2) to base 9
-3
Convert -8 (base 15) to base 13.
-8
Convert -22 (base 15) to base 2.
-100000
79 (base 13) to base 11
91
What is a (base 11) in base 5?
20
4 (base 11) to base 14
4
149 (base 16) to base 8
511
2a1 (base 11) to base 12
255
Convert -d (base 16) to base 8.
-15
Convert 29 (base 16) to base 14.
2d
What is -4 (base 11) in base 6?
-4
What is 20 (base 13) in base 11?
24
Convert -10 (base 5) to base 8.
-5
320 (base 7) to base 6
425
Convert 0 (base 8) to base 5.
0
Convert -57 (base 15) to base 7.
-145
What is 0 (base 11) in base 4?
0
What is 2 (base 15) in base 12?
2
Convert 101 (base 2) to base 8.
5
What is 414 (base 6) in base 2?
10011010
-11 (base 3) to base 9
-4
What is 153 (base 7) in base 12?
73
What is -7 (base 9) in base 8?
-7
Convert 203 (base 8) to base 13.
a1
What is 102101 (base 3) in base 14?
17d
-100 (base 2) to base 11
-4
1 (base 5) to base 3
1
-13 (base 16) to base 15
-14
Convert 2 (base 11) to base 10.
2
What is -1010 (base 2) in base 5?
-20
What is 100 (base 2) in base 10?
4
Convert 41 (base 10) to base 12.
35
What is 7 (base 8) in base 15?
7
-81 (base 11) to base 2
-1011001
What is -25 (base 7) in base 15?
-14
What is 175 (base 13) in base 8?
411
Convert 212 (base 4) to base 3.
1102
Convert 0 (base 4) to base 14.
0
What is 23 (base 11) in base 14?
1b
-6 (base 8) to base 9
-6
Convert -1 (base 16) to base 10.
-1
What is 101 (base 5) in base 11?
24
What is 163 (base 7) in base 8?
136
Convert -a5 (base 14) to base 5.
-1040
Convert -e (base 15) to base 8.
-16
3 (base 10) to base 8
3
3 (base 13) to base 7
3
-10000110 (base 2) to base 10
-134
Convert bd (base 15) to base 6.
454
What is 12 (base 14) in base 7?
22
Convert 1111 (base 2) to base 3.
120
What is 1 (base 2) in base 3?
1
What is 100100011 (base 2) in base 9?
353
What is 6 (base 9) in base 6?
10
-6 (base 10) to base 15
-6
Convert -131 (base 5) to base 7.
-56
Convert 314 (base 6) to base 15.
7d
-1 (base 2) to base 15
-1
-10 (base 3) to base 15
-3
-44 (base 5) to base 8
-30
What is -43 (base 8) in base 6?
-55
Convert -88 (base 15) to base 9.
-152
-101 (base 4) to base 9
-18
-185 (base 9) to base 8
-236
-54 (base 16) to base 7
-150
Convert 1113 (base 4) to base 2.
1010111
Convert -23 (base 5) to base 9.
-14
Convert 2 (base 10) to base 4.
2
What is 2 (base 10) in base 4?
2
111 (base 3) to base 10
13
What is -7 (base 11) in base 12?
-7
10 (base 9) to base 12
9
What is -4 (base 6) in base 9?
-4
What is -2 (base 5) in base 3?
-2
-10 (base 3) to base 5
-3
What is -c (base 16) in base 3?
-110
Convert -35 (base 12) to base 3.
-1112
Convert -5d (base 15) to base 14.
-64
What is 22 (base 10) in base 4?
112
Convert -24 (base 15) to base 7.
-46
What is 2 (base 11) in base 15?
2
Convert 31 (base 11) to base 2.
100010
Convert 34 (base 16) to base 5.
202
-21 (base 4) to base 11
-9
Convert -2 (base 14) to base 6.
-2
72 (base 8) to base 11
53
What is -110 (base 4) in base 9?
-22
What is e (base 16) in base 10?
14
What is 2 (base 12) in base 10?
2
What is -5 (base 10) in base 16?
-5
-11 (base 4) to base 13
-5
-61 (base 11) to base 7
-124
Convert -4 (base 16) to base 12.
-4
Convert 1 (base 4) to base 3.
1
128 (base 11) to base 13
b8
-3 (base 13) to base 14
-3
What is 8 (base 9) in base 11?
8
21 (base 16) to base 15
23
-1 (base 14) to base 6
-1
What is 2 (base 7) in base 6?
2
What is 23 (base 9) in base 15?
16
10 (base 2) to base 8
2
Convert -9d (base 15) to base 3.
-12111
What is -4 (base 14) in base 10?
-4
-4 (base 10) to base 9
-4
Convert 1 (base 3) to base 4.
1
What is 12 (base 4) in base 14?
6
What is -2 (base 15) in base 2?
-10
400 (base 9) to base 4
11010
What is 6c (base 16) in base 11?
99
What is -21 (base 7) in base 8?
-17
What is -6d (base 15) in base 13?
-7c
What is 3 (base 14) in base 15?
3
What is 3 (base 9) in base 5?
3
1330 (base 5) to base 7
425
Convert -6 (base 11) to base 14.
-6
Convert -9 (base 12) to base 7.
-12
2 (base 10) to base 16
2
Convert -40 (base 7) to base 5.
-103
Convert -5b (base 14) to base 6.
-213
Convert 102 (base 3) to ba